{"id":552,"date":"2022-09-30T13:36:11","date_gmt":"2022-09-30T18:36:11","guid":{"rendered":"https:\/\/telematicanet.ucol.mx\/ft2022\/?page_id=552"},"modified":"2025-10-17T13:28:51","modified_gmt":"2025-10-17T19:28:51","slug":"personal-administrativo","status":"publish","type":"page","link":"https:\/\/telematicanet.ucol.mx\/?page_id=552","title":{"rendered":"Personal Administrativo"},"content":{"rendered":"\n<p><\/p>\n\n\n\n<div class=\"wp-block-group\"><div class=\"wp-block-group__inner-container is-layout-flow wp-block-group-is-layout-flow\">\n<div class=\"wp-block-columns is-layout-flex wp-container-core-columns-is-layout-9d6595d7 wp-block-columns-is-layout-flex\">\n<div class=\"wp-block-column is-layout-flow wp-block-column-is-layout-flow\">\n<p class=\"has-text-align-center has-nv-site-bg-color has-neve-link-color-background-color has-text-color has-background\"><i class=\"far fa-user\"><\/i> DIRECCI\u00d3N<\/p>\n\n\n\n<p class=\"has-text-align-center\">Dr. Juan Jos\u00e9 Contreras Castillo<br><strong>Director de la Facultad<\/strong><br>juancont@ucol.mx<br>ext 37801<\/p>\n<\/div>\n<\/div>\n<\/div><\/div>\n\n\n\n<div class=\"wp-block-columns has-nv-light-bg-background-color has-background is-layout-flex wp-container-core-columns-is-layout-9d6595d7 wp-block-columns-is-layout-flex\">\n<div class=\"wp-block-column is-layout-flow wp-block-column-is-layout-flow\">\n<p class=\"has-text-align-center\">Dr. Ed. Antonio Ordaz Carrillo<br><strong>Coordinador Acad\u00e9mico de la carrera Ingenier\u00eda en Software<\/strong><br><a href=\"mailto:aordaz@ucol.mx\">aordaz@ucol.mx<\/a><br>ext 37804<\/p>\n<\/div>\n\n\n\n<div class=\"wp-block-column is-layout-flow wp-block-column-is-layout-flow\">\n<p class=\"has-text-align-center\">Mtra. Flor Karina Salazar P\u00e9rez<br><strong>Coordinadora Acad\u00e9mica de la carrera Tecnolog\u00edas de Internet<\/strong><br><a href=\"mailto:lvazquez17@ucol.mx\">flor_salazar@ucol.mx<\/a><br>ext. 37805<\/p>\n<\/div>\n\n\n\n<div class=\"wp-block-column is-layout-flow wp-block-column-is-layout-flow\">\n<p class=\"has-text-align-center\">C.P. Octavio Enrique Del Toro Morent\u00edn<br><strong>Secretario Administrativo<\/strong><br><a href=\"mailto:octavioe@ucol.mx\">octavioe@ucol.mx<\/a><br>ext 37803<\/p>\n<\/div>\n<\/div>\n\n\n\n<div class=\"wp-block-columns is-layout-flex wp-container-core-columns-is-layout-9d6595d7 wp-block-columns-is-layout-flex\">\n<div class=\"wp-block-column is-layout-flow wp-block-column-is-layout-flow\">\n<p class=\"has-text-align-center\">Dr. Pedro C\u00e9sar Santana Mancilla<br><strong>Coordinador de la Maestr\u00eda en Tecnolog\u00edas de Internet<br><\/strong><a href=\"mailto:psantana@ucol.mx\">psantana@ucol.mx<\/a><\/p>\n<\/div>\n\n\n\n<div class=\"wp-block-column is-layout-flow wp-block-column-is-layout-flow\">\n<p class=\"has-text-align-center\">Dr. Ricardo Acosta D\u00edaz<br><strong>Coordinador de la Maestr\u00eda en Transformaci\u00f3n Digital<\/strong><br><a href=\"mailto:acosta@ucol.mx\">acosta@ucol.mx<\/a><\/p>\n<\/div>\n<\/div>\n\n\n\n<div class=\"wp-block-columns is-layout-flex wp-container-core-columns-is-layout-9d6595d7 wp-block-columns-is-layout-flex\">\n<div class=\"wp-block-column is-layout-flow wp-block-column-is-layout-flow\">\n<p class=\"has-text-align-center\">Licda. Alma Refugio D\u00e1vila Preciado<br><strong>Asesora Pedag\u00f3gica<\/strong><br><a href=\"mailto:adavila@ucol.mx\">adavila@ucol.mx<\/a><\/p>\n<\/div>\n\n\n\n<div class=\"wp-block-column is-layout-flow wp-block-column-is-layout-flow\">\n<p class=\"has-text-align-center\">Lic. Elihud Rabindranaff Guzm\u00e1n Amezcua<br><strong>Orientador Educativo<\/strong><br><a href=\"mailto:elihud_guzman@ucol.mx\">elihud_guzman@ucol.mx<\/a><\/p>\n<\/div>\n<\/div>\n\n\n\n<div class=\"wp-block-columns is-layout-flex wp-container-core-columns-is-layout-9d6595d7 wp-block-columns-is-layout-flex\">\n<div class=\"wp-block-column is-layout-flow wp-block-column-is-layout-flow\">\n<p class=\"has-text-align-center has-nv-site-bg-color has-neve-link-color-background-color has-text-color has-background\"><i class=\"fas fa-users\"><\/i> <strong>COMISIONES<\/strong><\/p>\n\n\n\n<div class=\"wp-block-group\"><div class=\"wp-block-group__inner-container is-layout-flow wp-block-group-is-layout-flow\">\n<div class=\"wp-block-columns are-vertically-aligned-top is-layout-flex wp-container-core-columns-is-layout-9d6595d7 wp-block-columns-is-layout-flex\">\n<div class=\"wp-block-column is-vertically-aligned-top is-layout-flow wp-block-column-is-layout-flow\">\n<p class=\"has-text-align-center\">D. Ed. Antonio Ordaz Carrillo<br><strong>Responsable de Exani II, becas de excelencia<\/strong><br><a href=\"mailto:aordaz@ucol.mx\">aordaz@ucol.mx<\/a><\/p>\n<\/div>\n\n\n\n<div class=\"wp-block-column is-vertically-aligned-top is-layout-flow wp-block-column-is-layout-flow\">\n<p class=\"has-text-align-center\">D. en Ed. Armando Rom\u00e1n Gallardo<br><strong>Responsable de becas<\/strong><br><a href=\"mailto:aroman@ucol.mx\">aroman@ucol.mx<\/a><\/p>\n<\/div>\n\n\n\n<div class=\"wp-block-column is-vertically-aligned-top is-layout-flow wp-block-column-is-layout-flow\">\n<p class=\"has-text-align-center\">M. en C. Sandoval Carrillo Sara<br><strong>Responsable de seguimiento de egresados y estancia profesional (Ing en Tecnolog\u00edas de Internet)<\/strong> <br><a href=\"mailto:sary@ucol.mx\">sary@ucol.mx<\/a><\/p>\n<\/div>\n\n\n\n<div class=\"wp-block-column is-vertically-aligned-top is-layout-flow wp-block-column-is-layout-flow\">\n<p class=\"has-text-align-center\">D. en C. Jorge Rafael Guti\u00e9rrez Pulido<br><strong>Responsable de seguimiento de egresados Ing. de Software<\/strong><br><a href=\"mailto:jrgp@ucol.mx\">jrgp@ucol.mx<\/a><\/p>\n<\/div>\n<\/div>\n<\/div><\/div>\n\n\n\n<div class=\"wp-block-columns has-nv-light-bg-background-color has-background is-layout-flex wp-container-core-columns-is-layout-9d6595d7 wp-block-columns-is-layout-flex\">\n<div class=\"wp-block-column is-layout-flow wp-block-column-is-layout-flow\">\n<p class=\"has-text-align-center\">M. en C. Margarita Glenda Mayoral Baldivia<br><strong>Responsable de estancia profesional (Ing de Software), EGEL<\/strong><br><a href=\"mailto:mglenda@ucol.mx\">mglenda@ucol.mx<\/a><\/p>\n<\/div>\n\n\n\n<div class=\"wp-block-column is-layout-flow wp-block-column-is-layout-flow\">\n<p class=\"has-text-align-center\">D. en C. Pedro Dami\u00e1n Reyes<br><strong>Secretario del comit\u00e9 de salud<\/strong><br><a href=\"mailto:damian@ucol.mx\">damian@ucol.mx<\/a><\/p>\n<\/div>\n\n\n\n<div class=\"wp-block-column is-layout-flow wp-block-column-is-layout-flow\">\n<p class=\"has-text-align-center\">D. en C. Juan Antonio Guerrero Ib\u00e1\u00f1ez<br><strong>Responsable de educaci\u00f3n continua<\/strong><br><a href=\"mailto:antonio_guerrero@ucol.mx\">antonio_guerrero@ucol.mx<\/a><\/p>\n<\/div>\n\n\n\n<div class=\"wp-block-column is-layout-flow wp-block-column-is-layout-flow\">\n<p class=\"has-text-align-center\">Ing. C\u00e9sar Jim\u00e9nez Ante<br><strong>Responsable del servicio social universitario y <\/strong><strong>social constitucional<\/strong><br><a href=\"mailto:ssutelematica@ucol.mx\">ssutelematica@ucol.mx<\/a><\/p>\n<\/div>\n<\/div>\n\n\n\n<div class=\"wp-block-columns has-nv-site-bg-background-color has-background is-layout-flex wp-container-core-columns-is-layout-9d6595d7 wp-block-columns-is-layout-flex\">\n<div class=\"wp-block-column is-layout-flow wp-block-column-is-layout-flow\">\n<p class=\"has-text-align-center\">M. en C. Carlos Fidel Gaspar Cruz<br><strong>Responsable de certificaci\u00f3n ISO 9000<\/strong><br><a href=\"mailto:carlos.gaspar@ucol.mx\">carlos.gaspar@ucol.mx<\/a><\/p>\n<\/div>\n\n\n\n<div class=\"wp-block-column is-layout-flow wp-block-column-is-layout-flow\">\n<p class=\"has-text-align-center\">Mtra. Flor Karina Salazar P\u00e9rez<br><strong>Responsable de visitas guiadas<\/strong><br><a href=\"mailto:lflor_salazar@ucol.mx\">flor_salazar@ucol.mx<\/a><\/p>\n<\/div>\n\n\n\n<div class=\"wp-block-column is-layout-flow wp-block-column-is-layout-flow\">\n<p class=\"has-text-align-center\">D. en C. Erika Margarita Ramos Michel<br><strong>Responsable de tutor\u00edas<\/strong><br><a href=\"mailto:ramem@ucol.mx\">ramem@ucol.mx<\/a><\/p>\n<\/div>\n\n\n\n<div class=\"wp-block-column is-layout-flow wp-block-column-is-layout-flow\">\n<p class=\"has-text-align-center\">Dr. Juan Manuel Ram\u00edrez Alcaraz&nbsp;<br><strong>Responsable de Vinculaci\u00f3n<\/strong><br>jmramir@ucol.mx<\/p>\n<\/div>\n<\/div>\n\n\n\n<div class=\"wp-block-columns has-nv-light-bg-background-color has-background is-layout-flex wp-container-core-columns-is-layout-9d6595d7 wp-block-columns-is-layout-flex\">\n<div class=\"wp-block-column is-layout-flow wp-block-column-is-layout-flow\">\n<p class=\"has-text-align-center\"><\/p>\n<\/div>\n\n\n\n<div class=\"wp-block-column is-layout-flow wp-block-column-is-layout-flow\">\n<p class=\"has-text-align-center\">Mtro. Julio C\u00e9sar M\u00e1rquez Jim\u00e9nez<br><strong>Responsable del Comit\u00e9 de protecci\u00f3n civil<\/strong><br><a href=\"mailto:julioc_marquez@ucol.mx\">julioc_marquez@ucol.mx<\/a><\/p>\n<\/div>\n\n\n\n<div class=\"wp-block-column is-layout-flow wp-block-column-is-layout-flow\">\n<p class=\"has-text-align-center\"><\/p>\n<\/div>\n<\/div>\n\n\n\n<p class=\"has-text-align-center has-nv-site-bg-color has-neve-link-color-background-color has-text-color has-background\"><i class=\"fas fa-users\"><\/i> <strong>RESPONSABLES DE LABORATORIO<\/strong><\/p>\n\n\n\n<div class=\"wp-block-columns is-layout-flex wp-container-core-columns-is-layout-9d6595d7 wp-block-columns-is-layout-flex\">\n<div class=\"wp-block-column is-layout-flow wp-block-column-is-layout-flow\">\n<p class=\"has-text-align-center\">Mtro. Juan Carlos Soto Estrada<br><a href=\"mailto:jsoto3@ucol.mx\"><\/a><a href=\"mailto:jsoto3@ucol.mx\">jsoto3@ucol.mx<\/a><\/p>\n<\/div>\n\n\n\n<div class=\"wp-block-column is-layout-flow wp-block-column-is-layout-flow\">\n<p class=\"has-text-align-center\">Mtro. Julio C\u00e9sar M\u00e1rquez Jim\u00e9nez<br><a href=\"mailto:julioc_marquez@ucol.mx\">julioc_marquez@ucol.mx<\/a><\/p>\n<\/div>\n\n\n\n<div class=\"wp-block-column is-layout-flow wp-block-column-is-layout-flow\">\n<p class=\"has-text-align-center\">M. en C. Carlos Fidel Gaspar Cruz<br><a href=\"mailto:carlos.gaspar@ucol.mx\">carlos.gaspar@ucol.mx<\/a><\/p>\n<\/div>\n<\/div>\n\n\n\n<div class=\"wp-block-columns is-layout-flex wp-container-core-columns-is-layout-9d6595d7 wp-block-columns-is-layout-flex\">\n<div class=\"wp-block-column is-layout-flow wp-block-column-is-layout-flow\">\n<p class=\"has-text-align-center has-nv-site-bg-color has-neve-link-color-background-color has-text-color has-background\"><i class=\"fas fa-users\"><\/i> <strong>SECRETARIAS<\/strong><\/p>\n\n\n\n<div class=\"wp-block-columns is-layout-flex wp-container-core-columns-is-layout-9d6595d7 wp-block-columns-is-layout-flex\">\n<div class=\"wp-block-column is-layout-flow wp-block-column-is-layout-flow\">\n<p class=\"has-text-align-center\">Luz Aida Ch\u00e1vez Trillo&nbsp;<br>ext 37801<\/p>\n<\/div>\n\n\n\n<div class=\"wp-block-column is-layout-flow wp-block-column-is-layout-flow\">\n<p class=\"has-text-align-center\">Alejandrina Novela Corona<br>ext 37801<\/p>\n<\/div>\n\n\n\n<div class=\"wp-block-column is-layout-flow wp-block-column-is-layout-flow\">\n<p class=\"has-text-align-center\">Ariana Lizbeth Bejarano Morales<br>ext 37801<\/p>\n<\/div>\n<\/div>\n\n\n\n<div class=\"wp-block-columns has-nv-light-bg-background-color has-background is-layout-flex wp-container-core-columns-is-layout-9d6595d7 wp-block-columns-is-layout-flex\">\n<div class=\"wp-block-column is-layout-flow wp-block-column-is-layout-flow\">\n<p class=\"has-text-align-center\">Dylva Alejandra Alvarez Salazar&nbsp;<br>ext 37801<\/p>\n<\/div>\n\n\n\n<div class=\"wp-block-column is-layout-flow wp-block-column-is-layout-flow\">\n<p class=\"has-text-align-center\">Olivia Margarita Orozco Gahona<br>Apoyo contable<\/p>\n<\/div>\n<\/div>\n<\/div>\n<\/div>\n<\/div>\n<\/div>\n\n\n\n<p><\/p>\n","protected":false},"excerpt":{"rendered":"<p>DIRECCI\u00d3N Dr. Juan Jos\u00e9 Contreras CastilloDirector de la Facultadjuancont@ucol.mxext 37801 Dr. Ed. Antonio Ordaz CarrilloCoordinador Acad\u00e9mico de la carrera Ingenier\u00eda en Softwareaordaz@ucol.mxext 37804 Mtra. Flor Karina Salazar P\u00e9rezCoordinadora Acad\u00e9mica de la carrera Tecnolog\u00edas de Internetflor_salazar@ucol.mxext. 37805 C.P. Octavio Enrique Del Toro Morent\u00ednSecretario Administrativooctavioe@ucol.mxext 37803 Dr. Pedro C\u00e9sar Santana MancillaCoordinador de la Maestr\u00eda en Tecnolog\u00edas de&hellip;&nbsp;<a href=\"https:\/\/telematicanet.ucol.mx\/?page_id=552\" rel=\"bookmark\">Leer m\u00e1s &raquo;<span class=\"screen-reader-text\">Personal Administrativo<\/span><\/a><\/p>\n","protected":false},"author":1,"featured_media":0,"parent":0,"menu_order":0,"comment_status":"closed","ping_status":"closed","template":"","meta":{"neve_meta_sidebar":"","neve_meta_container":"","neve_meta_enable_content_width":"","neve_meta_content_width":0,"neve_meta_title_alignment":"","neve_meta_author_avatar":"","neve_post_elements_order":"","neve_meta_disable_header":"","neve_meta_disable_footer":"","neve_meta_disable_title":"","footnotes":""},"class_list":["post-552","page","type-page","status-publish","hentry"],"_links":{"self":[{"href":"https:\/\/telematicanet.ucol.mx\/index.php?rest_route=\/wp\/v2\/pages\/552","targetHints":{"allow":["GET"]}}],"collection":[{"href":"https:\/\/telematicanet.ucol.mx\/index.php?rest_route=\/wp\/v2\/pages"}],"about":[{"href":"https:\/\/telematicanet.ucol.mx\/index.php?rest_route=\/wp\/v2\/types\/page"}],"author":[{"embeddable":true,"href":"https:\/\/telematicanet.ucol.mx\/index.php?rest_route=\/wp\/v2\/users\/1"}],"replies":[{"embeddable":true,"href":"https:\/\/telematicanet.ucol.mx\/index.php?rest_route=%2Fwp%2Fv2%2Fcomments&post=552"}],"version-history":[{"count":51,"href":"https:\/\/telematicanet.ucol.mx\/index.php?rest_route=\/wp\/v2\/pages\/552\/revisions"}],"predecessor-version":[{"id":2016,"href":"https:\/\/telematicanet.ucol.mx\/index.php?rest_route=\/wp\/v2\/pages\/552\/revisions\/2016"}],"wp:attachment":[{"href":"https:\/\/telematicanet.ucol.mx\/index.php?rest_route=%2Fwp%2Fv2%2Fmedia&parent=552"}],"curies":[{"name":"wp","href":"https:\/\/api.w.org\/{rel}","templated":true}]}}