{"id":117,"date":"2019-02-23T22:39:02","date_gmt":"2019-02-23T22:39:02","guid":{"rendered":"http:\/\/telematicanet.ucol.mx\/blog\/?page_id=117"},"modified":"2019-04-11T09:01:37","modified_gmt":"2019-04-11T14:01:37","slug":"home-page","status":"publish","type":"page","link":"https:\/\/telematicanet.ucol.mx\/blog\/","title":{"rendered":"Home Page"},"content":{"rendered":"<div id=\"pl-117\"  class=\"panel-layout\" ><div id=\"pg-117-0\"  class=\"panel-grid panel-no-style\" ><div id=\"pgc-117-0-0\"  class=\"panel-grid-cell\" ><div id=\"panel-117-0-0-0\" class=\"so-panel widget widget_circleicon-widget panel-first-child panel-last-child\" data-index=\"0\" >\t\t<div class=\"circle-icon-box circle-icon-position-top circle-icon-hide-box circle-icon-size-small \">\n\t\t\t\t\t\t\t<div class=\"circle-icon-wrapper\">\n\t\t\t\t\t\t\t\t\t\t<a href=\"http:\/\/telematicanet.ucol.mx\/blog\/?cat=4\" class=\"link-icon\" >\t\t\t\t\t<div class=\"circle-icon icon-style-set\" style=\"background-color: #1e73be\">\n\t\t\t\t\t\t\t\t\t\t\t\t\t<div\n\t\t\t\t\t\t\t\tclass=\"fa fa-pencil-square-o  icon-style-set\"\n\t\t\t\t\t\t\t\t\t\t\t\t\t\t\t><\/div>\n\t\t\t\t\t\t\t\t\t\t\t<\/div>\n\t\t\t\t\t<\/a>\t\t\t\t<\/div>\n\t\t\t\n\t\t\t\t\t\t\t<a\n\t\t\t\t\thref=\"http:\/\/telematicanet.ucol.mx\/blog\/?cat=4\"\n\t\t\t\t\tclass=\"link-title\" \t\t\t\t>\n\t\t\t\t\t\t\t\t\t\t<h4 >\n\t\t\t\t\tPublicaciones\t\t\t\t<\/h4>\n\t\t\t\t\t\t\t\t\t\t<\/a>\n\t\t\t\n\t\t\t\t\t\t\t<p class=\"text\" >\n\t\t\t\tAqu\u00ed encontrar\u00e1s las diferentes publicaciones que se han realizado por parte de alumnos y profesores de la Facultad de Telem\u00e1tica.  \t\t\t<\/p>\n\t\t\t\t\t\t\t\t\t\t<a\n\t\t\t\t\thref=\"http:\/\/telematicanet.ucol.mx\/blog\/?cat=4\"\n\t\t\t\t\tclass=\"more-button\"\n\t\t\t\t\t\t\t\t\t>\n\t\t\t\t\tIr a las publicaciones\t\t\t\t\t<i><\/i>\n\t\t\t\t<\/a>\n\t\t\t\t\t<\/div>\n\t\t<\/div><\/div><\/div><div id=\"pg-117-1\"  class=\"panel-grid panel-no-style\" ><div id=\"pgc-117-1-0\"  class=\"panel-grid-cell\" ><div id=\"panel-117-1-0-0\" class=\"widget_text so-panel widget widget_custom_html panel-first-child panel-last-child\" data-index=\"1\" ><div class=\"widget_text panel-widget-style panel-widget-style-for-117-1-0-0\" ><div class=\"textwidget custom-html-widget\"><h1 style=\"color:#fff; text-align: center; padding: 15px;\">\n\tPUBLICACIONES M\u00c1S RECIENTES\n<\/h1>\n<\/div><\/div><\/div><\/div><\/div><div id=\"pg-117-2\"  class=\"panel-grid panel-no-style\" ><div id=\"pgc-117-2-0\"  class=\"panel-grid-cell\" ><div id=\"panel-117-2-0-0\" class=\"so-panel widget widget_siteorigin-panels-postloop panel-first-child panel-last-child\" data-index=\"2\" >\n\t<div id=\"vantage-grid-loop\" class=\"vantage-grid-loop grid-loop-columns-4\">\n\t\t\t\t\t<article class=\"grid-post post-284 post type-post status-publish format-standard hentry category-blog tag-deep-learning tag-genomic-selection tag-genomic-trends tag-plant-breeding\">\n\n\t\t\t\t\n\t\t\t\t<h3><a href=\"https:\/\/telematicanet.ucol.mx\/blog\/?p=284\">A review of deep learning applications for genomic selection<\/a><\/h3>\n\t\t\t\t<div class=\"excerpt\"><p>Por: Osval Antonio Montesinos-L\u00f3pez, Abelardo Montesinos-L\u00f3pez, Paulino P\u00e9rez-Rodr\u00edguez, Jos\u00e9 Alberto Barr\u00f3n-L\u00f3pez, Johannes W. R. Martini, Silvia Berenice Fajardo-Flores, Laura S. Gaytan-Lugo, Pedro C. Santana-Mancilla &amp; Jos\u00e9 Crossa Abstract Background Several conventional genomic Bayesian (or no Bayesian) prediction methods have been proposed including the standard additive genetic effect model for which the variance components are estimated [&hellip;]<\/p>\n<\/div>\n\t\t\t\t\t\t\t\t<a class=\"more-button\" href=\"https:\/\/telematicanet.ucol.mx\/blog\/?p=284\">Texto completo <i><\/i><\/a>\t\t\t<\/article>\n\t\t\t\t\t\t<article class=\"grid-post post-278 post type-post status-publish format-standard hentry category-blog tag-genetica tag-ia tag-inteligencia-artificial\">\n\n\t\t\t\t\n\t\t\t\t<h3><a href=\"https:\/\/telematicanet.ucol.mx\/blog\/?p=278\">Inteligencia artificial m\u00e1s Ingenier\u00eda gen\u00e9tica: \u00bfLa pareja ideal?<\/a><\/h3>\n\t\t\t\t<div class=\"excerpt\"><p>Por Osval Antonio Montesinos L\u00f3pez La Inteligencia Artificial (IA) es un \u00e1rea de la ciencia que persigue proveer de inteligencia a las m\u00e1quinas para trabajar, reaccionar, hablar, escribir, ver, razonar, cooperar, comportarse, sentir, etc\u00e9tera, a partir de datos, como lo hacemos los humanos. Esta \u00e1rea no es nueva debido a que empez\u00f3 hace m\u00e1s de [&hellip;]<\/p>\n<\/div>\n\t\t\t\t\t\t\t\t<a class=\"more-button\" href=\"https:\/\/telematicanet.ucol.mx\/blog\/?p=278\">Texto completo <i><\/i><\/a>\t\t\t<\/article>\n\t\t\t\t\t\t<article class=\"grid-post post-271 post type-post status-publish format-standard hentry category-blog\">\n\n\t\t\t\t\n\t\t\t\t<h3><a href=\"https:\/\/telematicanet.ucol.mx\/blog\/?p=271\">La ciencia y su rol para alargar la esperanza de la vida humana<\/a><\/h3>\n\t\t\t\t<div class=\"excerpt\"><p>Por Osval Antonio Montesinos L\u00f3pez Hoy en d\u00eda es muy com\u00fan, sobre todo en los pa\u00edses desarrollados e incluso en M\u00e9xico en los sectores m\u00e1s acomodados, escuchar decir que cierta persona muri\u00f3 muy joven cuando fallece alrededor de los 65 a\u00f1os. Sin embargo, esto de que las personas vivan 75.2 a\u00f1os en promedio despu\u00e9s de [&hellip;]<\/p>\n<\/div>\n\t\t\t\t\t\t\t\t<a class=\"more-button\" href=\"https:\/\/telematicanet.ucol.mx\/blog\/?p=271\">Texto completo <i><\/i><\/a>\t\t\t<\/article>\n\t\t\t\t\t\t<article class=\"grid-post post-265 post type-post status-publish format-standard hentry category-blog\">\n\n\t\t\t\t\n\t\t\t\t<h3><a href=\"https:\/\/telematicanet.ucol.mx\/blog\/?p=265\">Marie Curie, una vida de ciencia<\/a><\/h3>\n\t\t\t\t<div class=\"excerpt\"><p>Por Osval Antonio Montesinos L\u00f3pez La historia de la cient\u00edfica polaca nacionalizada francesa\u00a0Marie Salomea Sk\u0142odowska-Curie, mejor conocida como Marie Curie, debe ser obligatoria para todas las mujeres y hombres de la faz de la tierra, ya que es una historia fascinante no solo por sus contribuciones cient\u00edficas, que la hicieron merecedora de dos premios Nobel [&hellip;]<\/p>\n<\/div>\n\t\t\t\t\t\t\t\t<a class=\"more-button\" href=\"https:\/\/telematicanet.ucol.mx\/blog\/?p=265\">Texto completo <i><\/i><\/a>\t\t\t<\/article>\n\t\t\t\t\t\t\t<div class=\"clear\"><\/div>\n\t\t\t\t\t<\/div>\n\n\t\t\t<nav id=\"nav-below\" class=\"site-navigation paging-navigation\">\n\t\t\t<h2 class=\"assistive-text\">Post navigation<\/h2>\n\n\t\t\t<div class='pagination'><span aria-current=\"page\" class=\"page-numbers current\">1<\/span>\n<a class=\"page-numbers\" href=\"https:\/\/telematicanet.ucol.mx\/blog\/index.php\/?paged=2&#038;rest_route=%2Fwp%2Fv2%2Fpages%2F117\">2<\/a>\n<a class=\"page-numbers\" href=\"https:\/\/telematicanet.ucol.mx\/blog\/index.php\/?paged=3&#038;rest_route=%2Fwp%2Fv2%2Fpages%2F117\">3<\/a>\n<a class=\"next page-numbers\" href=\"https:\/\/telematicanet.ucol.mx\/blog\/index.php\/?paged=2&#038;rest_route=%2Fwp%2Fv2%2Fpages%2F117\">Siguiente &raquo;<\/a><\/div>\n\n\t\t<\/nav><!-- #nav-below -->\n\t\t<\/div><\/div><\/div><\/div>","protected":false},"excerpt":{"rendered":"","protected":false},"author":1,"featured_media":0,"parent":0,"menu_order":0,"comment_status":"closed","ping_status":"closed","template":"home-panels.php","meta":{"footnotes":""},"class_list":["post-117","page","type-page","status-publish","hentry","post"],"_links":{"self":[{"href":"https:\/\/telematicanet.ucol.mx\/blog\/index.php?rest_route=\/wp\/v2\/pages\/117","targetHints":{"allow":["GET"]}}],"collection":[{"href":"https:\/\/telematicanet.ucol.mx\/blog\/index.php?rest_route=\/wp\/v2\/pages"}],"about":[{"href":"https:\/\/telematicanet.ucol.mx\/blog\/index.php?rest_route=\/wp\/v2\/types\/page"}],"author":[{"embeddable":true,"href":"https:\/\/telematicanet.ucol.mx\/blog\/index.php?rest_route=\/wp\/v2\/users\/1"}],"replies":[{"embeddable":true,"href":"https:\/\/telematicanet.ucol.mx\/blog\/index.php?rest_route=%2Fwp%2Fv2%2Fcomments&post=117"}],"version-history":[{"count":12,"href":"https:\/\/telematicanet.ucol.mx\/blog\/index.php?rest_route=\/wp\/v2\/pages\/117\/revisions"}],"predecessor-version":[{"id":189,"href":"https:\/\/telematicanet.ucol.mx\/blog\/index.php?rest_route=\/wp\/v2\/pages\/117\/revisions\/189"}],"wp:attachment":[{"href":"https:\/\/telematicanet.ucol.mx\/blog\/index.php?rest_route=%2Fwp%2Fv2%2Fmedia&parent=117"}],"curies":[{"name":"wp","href":"https:\/\/api.w.org\/{rel}","templated":true}]}}